) in base 5?
31323
Convert -37372 (base 8) to base 5.
-1003442
-322423 (base 5) to base 9
-16058
What is 11411 (base 6) in base 16?
67f
What is -716 (base 9) in base 13?
-35a
What is 2033310 (base 4) in base 2?
10001111110100
Convert 1412a (base 11) to base 9.
30533
a0 (base 15) to base 3
12120
2a64 (base 11) to base 4
331212
Convert -fbc (base 16) to base 10.
-4028
Convert -10011010000011 (base 2) to base 8.
-23203
What is -14843 (base 10) in base 3?
-202100202
Convert 6101 (base 10) to base 16.
17d5
What is -232022 (base 4) in base 11?
-2246
1101102 (base 3) to base 13
5c9
10000101000 (base 2) to base 6
4532
What is -211101 (base 3) in base 5?
-4404
-197 (base 10) to base 4
-3011
Convert -30041 (base 6) to base 11.
-2a38
478 (base 9) to base 7
1103
126 (base 16) to base 8
446
What is 1140 (base 7) in base 8?
644
Convert -21822 (base 9) to base 3.
-201220202
-211020 (base 3) to base 16
-258
Convert 3081 (base 15) to base 2.
10100000000110
What is -7172 (base 13) in base 8?
-36431
What is -23000 (base 6) in base 8?
-6250
-224254 (base 6) to base 7
-106504
Convert -21210220 (base 3) to base 9.
-7726
What is -21330 (base 4) in base 8?
-1174
-3595 (base 11) to base 15
-15d7
5b15 (base 12) to base 7
41600
2333 (base 7) to base 9
1152
What is 392 (base 11) in base 16?
1d0
-1014 (base 6) to base 8
-342
-35202 (base 7) to base 11
-6859
-9a6b (base 13) to base 6
-243440
1153 (base 12) to base 15
890
Convert -4bc2 (base 13) to base 14.
-3d1b
What is -10f5 (base 16) in base 2?
-1000011110101
What is 71 (base 8) in base 10?
57
Convert 1e40 (base 16) to base 6.
55504
Convert -80 (base 12) to base 7.
-165
12332 (base 5) to base 7
2551
Convert -33510 (base 8) to base 3.
-201102011
Convert 134 (base 15) to base 16.
112
431215 (base 6) to base 12
1850b
-1ab6 (base 15) to base 3
-21221200
-629 (base 12) to base 8
-1601
Convert -168 (base 13) to base 8.
-377
Convert 22010220 (base 3) to base 5.
142222
456f (base 16) to base 6
214143
What is 3951 (base 16) in base 15?
4533
-2233222 (base 5) to base 6
-504152
5c2b (base 15) to base 3
222220112
-467 (base 10) to base 7
-1235
Convert -110 (base 14) to base 9.
-253
1120 (base 9) to base 3
1010200
What is 2648 (base 9) in base 15?
8c8
-114030 (base 5) to base 13
-1c31
Convert -2113 (base 8) to base 6.
-5031
What is -122 (base 3) in base 9?
-18
What is -18ab (base 14) in base 8?
-10557
11546 (base 7) to base 9
4128
What is 17cd (base 16) in base 14?
2313
Convert -31265 (base 7) to base 9.
-11485
What is 321151 (base 6) in base 12?
131b7
Convert -5034 (base 6) to base 8.
-2116
-499 (base 12) to base 14
-377
670 (base 8) to base 2
110111000
What is 4033 (base 9) in base 8?
5602
-4102 (base 6) to base 9
-1212
Convert -7448 (base 14) to base 12.
-b734
Convert 156 (base 10) to base 15.
a6
What is 35435 (base 6) in base 5?
131020
Convert 30 (base 9) to base 11.
25
What is 2253 (base 6) in base 8?
1031
Convert 100010000 (base 2) to base 16.
110
What is -370 (base 13) in base 2?
-1001010110
692 (base 10) to base 8
1264
What is 222 (base 7) in base 13?
8a
What is -6111 (base 11) in base 4?
-1332313
What is -2566 (base 9) in base 16?
-783
Convert -1785 (base 10) to base 6.
-12133
What is -3340 (base 5) in base 3?
-122102
Convert -3aa (base 12) to base 6.
-2334
Convert -13103 (base 4) to base 16.
-1d3
Convert 154413 (base 6) to base 15.
47d3
Convert 118 (base 11) to base 13.
aa
Convert -214 (base 6) to base 9.
-101
Convert -7464 (base 8) to base 10.
-3892
What is 547 (base 13) in base 14?
488
-12030 (base 4) to base 15
-1b6
Convert 9333 (base 10) to base 15.
2b73
Convert -1183 (base 10) to base 2.
-10010011111
What is -11233323 (base 4) in base 15?
-6e9c
3219 (base 10) to base 2
110010010011
b74 (base 15) to base 5
40314
Convert 492 (base 10) to base 11.
408
What is 110010011100101 (base 2) in base 10?
25829
What is 5762 (base 9) in base 6?
31432
What is -3c1 (base 16) in base 12?
-681
What is 2547 (base 15) in base 12?
471a
3023 (base 4) to base 9
245
1001231 (base 4) to base 8
10155
Convert 5120 (base 6) to base 5.
14003
-593 (base 10) to base 14
-305
Convert -15424 (base 6) to base 8.
-4750
What is -1203203 (base 4) in base 10?
-6371
What is -1619 (base 10) in base 8?
-3123
1303121 (base 4) to base 3
101010112
What is 135 (base 9) in base 16?
71
-387 (base 16) to base 3
-1020110
What is -33 (base 13) in base 15?
-2c
What is 121244 (base 5) in base 12?
2792
-2a6 (base 13) to base 2
-111011010
Convert -11020 (base 5) to base 16.
-2f8
-20194 (base 10) to base 3
-1000200221
-14a3 (base 11) to base 3
-2122102
What is -1109 (base 11) in base 16?
-5b5
25025 (base 6) to base 3
12001122
What is -22502 (base 9) in base 12?
-880b
What is 313202 (base 5) in base 7?
42254
What is -231001 (base 4) in base 2?
-101101000001
Convert -2101221 (base 3) to base 16.
-6d9
What is 2bc (base 16) in base 11?
587
373 (base 10) to base 6
1421
65436 (base 7) to base 13
7593
19380 (base 11) to base 3
1101010122
Convert 263 (base 16) to base 2.
1001100011
What is 112030 (base 5) in base 4?
332233
What is 33002 (base 4) in base 11?
7a5
What is 18648 (base 10) in base 3?
221120200
Convert -4db (base 14) to base 8.
-1721
Convert 12a0 (base 13) to base 14.
d85
-c7 (base 16) to base 12
-147
6d5c (base 16) to base 3
1102101220
What is -19414 (base 11) in base 13?
-c461
Convert 1110100100 (base 2) to base 7.
2501
-767 (base 8) to base 9
-618
33d9 (base 15) to base 6
122540
What is 1101011100 (base 2) in base 11?
712
What is 18c8 (base 16) in base 9?
8628
8268 (base 10) to base 6
102140
Convert -11550 (base 6) to base 10.
-1722
What is 1220244 (base 6) in base 11?
44840
-17655 (base 8) to base 13
-38ca
What is 2a4 (base 13) in base 4?
13120
Convert 196b (base 12) to base 14.
11bd
Convert -21d (base 15) to base 11.
-3a5
144503 (base 7) to base 14
a303
Convert -2642 (base 8) to base 12.
-a02
11124 (base 5) to base 9
1066
What is -211244 (base 5) in base 7?
-26424
776 (base 9) to base 14
336
Convert -6066 (base 7) to base 15.
-956
-433 (base 14) to base 12
-591
464 (base 9) to base 10
382
-409 (base 11) to base 10
-493
134334 (base 6) to base 10
12658
What is -94 (base 10) in base 4?
-1132
14510 (base 13) to base 5
2210312
Convert -44 (base 15) to base 11.
-59
What is 78ac (base 13) in base 2?
100000111101001
What is 326 (base 11) in base 9?
474
Convert 210201112 (base 3) to base 4.
3313130
What is -ab0 (base 14) in base 11?
-1652
-14514 (base 7) to base 11
-3033
Convert -30101012 (base 4) to base 5.
-3101441
Convert -11110 (base 3) to base 15.
-80
What is -110 (base 3) in base 16?
-c
What is 8894 (base 10) in base 11?
6756
What is 222233 (base 4) in base 3?
10202022
Convert -2121022 (base 3) to base 13.
-b30
1024332 (base 5) to base 4
10100323
What is -1111010010011 (base 2) in base 7?
-31551
What is 3251 (base 6) in base 5?
11001
Convert 4217 (base 11) to base 5.
134314
Convert 17357 (base 10) to base 5.
1023412
22b5 (base 13) to base 3
20200202
Convert 23041 (base 6) to base 16.
cc1
What is 14751 (base 8) in base 10?
6633
What is -51177 (base 9) in base 2?
-1000001110010101
Convert 111123 (base 5) to base 13.
1a20
f3c (base 16) to base 11
2a26
What is -aa5 (base 11) in base 9?
-1732
What is 111211022 (base 3) in base 6?
114355
-1268 (base 14) to base 12
-1a50
What is 2511 (base 14) in base 12?
3903
-148 (base 16) to base 4
-11020
What is 590 (base 16) in base 15?
64e
What is -339 (base 15) in base 16?
-2d9
1111111000001011 (base 2) to base 11
44953
11302031 (base 4) to base 16
5c8d
Convert -316d (base 14) to base 7.
-33566
Convert 868 (base 16) to base 8.
4150
4025 (base 6) to base 13
52a
Convert -2301223 (base 4) to base 13.
-5239
Convert 154 (base 6) to base 13.
55
What is 7360 (base 10) in base 13?
3472
Convert 120023 (base 8) to base 13.
15863
-22545 (base 6) to base 2
-110010100001
-220212 (base 4) to base 6
-20010
4257 (base 12) to base 3
100222011
Convert -66564 (base 8) to base 2.
-110110101110100
Convert -16743 (base 9) to base 7.
-45435
Convert 101 (base 5) to base 10.
26
What is 201320 (base 7) in base 9?
51718
-4da1 (base 16) to base 2
-100110110100001
-510325 (base 6) to base 5
-2242201
65261 (base 7) to base 15
4c42
Convert 21f6 (base 16) to base 6.
104130
Convert 1752a (base 12) to base 6.
415254
-133306 (base 7) to base 2
-110001001101000
Wha